of 234640684?
6
What is the millions digit of 4148945?
4
What is the ten millions digit of 3710651526?
1
What is the tens digit of 10325184?
8
What is the units digit of 1024978391?
1
What is the thousands digit of 141743590?
3
What is the units digit of 64117490?
0
What is the units digit of 46860593?
3
What is the units digit of 357322361?
1
What is the hundred thousands digit of 7435789?
4
What is the ten millions digit of 2984076066?
8
What is the ten thousands digit of 8908774?
0
What is the hundreds digit of 1537149536?
5
What is the millions digit of 101441157?
1
What is the hundreds digit of 137535665?
6
What is the units digit of 53180442?
2
What is the hundreds digit of 1897918477?
4
What is the hundred thousands digit of 238440234?
4
What is the ten millions digit of 917621823?
1
What is the thousands digit of 25931943?
1
What is the thousands digit of 688620221?
0
What is the hundred millions digit of 440520930?
4
What is the thousands digit of 163122688?
2
What is the millions digit of 9976897?
9
What is the hundred millions digit of 349019093?
3
What is the billions digit of 4539662612?
4
What is the hundred millions digit of 5357794285?
3
What is the thousands digit of 42621285?
1
What is the ten thousands digit of 1019819880?
1
What is the ten millions digit of 188726826?
8
What is the thousands digit of 59576014?
6
What is the units digit of 29605165?
5
What is the ten millions digit of 76149868?
7
What is the billions digit of 3214644922?
3
What is the thousands digit of 170059768?
9
What is the tens digit of 808805059?
5
What is the hundred thousands digit of 92608610?
6
What is the ten millions digit of 260668408?
6
What is the hundred thousands digit of 3070729399?
7
What is the units digit of 309230353?
3
What is the ten thousands digit of 1385173265?
7
What is the hundred thousands digit of 1516754117?
7
What is the hundred thousands digit of 71123185?
1
What is the tens digit of 1909665364?
6
What is the thousands digit of 112650963?
0
What is the ten millions digit of 542372032?
4
What is the thousands digit of 134387509?
7
What is the thousands digit of 99633281?
3
What is the ten millions digit of 17893699?
1
What is the units digit of 990063755?
5
What is the hundreds digit of 88142454?
4
What is the hundred millions digit of 241068810?
2
What is the millions digit of 37958497?
7
What is the ten millions digit of 3797537429?
9
What is the ten thousands digit of 2985723617?
2
What is the units digit of 135496967?
7
What is the hundreds digit of 3110473852?
8
What is the hundred millions digit of 190046424?
1
What is the hundred millions digit of 526256754?
5
What is the millions digit of 1453798878?
3
What is the ten thousands digit of 675291666?
9
What is the units digit of 174041869?
9
What is the tens digit of 76742855?
5
What is the thousands digit of 15368289?
8
What is the thousands digit of 15867425?
7
What is the units digit of 1166844622?
2
What is the hundreds digit of 13125549?
5
What is the units digit of 422355859?
9
What is the hundred thousands digit of 192095637?
0
What is the thousands digit of 313837219?
7
What is the thousands digit of 167018162?
8
What is the thousands digit of 181903801?
3
What is the ten millions digit of 215198708?
1
What is the tens digit of 1974734209?
0
What is the hundred thousands digit of 45520173?
5
What is the hundred thousands digit of 1595452378?
4
What is the millions digit of 137813035?
7
What is the ten thousands digit of 1055399914?
9
What is the thousands digit of 418100762?
0
What is the units digit of 42331770?
0
What is the billions digit of 1968323736?
1
What is the hundred millions digit of 105405735?
1
What is the units digit of 13100241?
1
What is the hundred millions digit of 1982506660?
9
What is the hundreds digit of 1635965533?
5
What is the units digit of 2184664175?
5
What is the units digit of 171287362?
2
What is the thousands digit of 17823487?
3
What is the hundreds digit of 1026280130?
1
What is the units digit of 698731932?
2
What is the ten millions digit of 276285607?
7
What is the tens digit of 1140002886?
8
What is the hundred thousands digit of 539258057?
2
What is the hundred thousands digit of 82178480?
1
What is the tens digit of 2998366882?
8
What is the hundreds digit of 2853048?
0
What is the ten thousands digit of 4463496?
6
What is the hundreds digit of 1805014426?
4
What is the ten millions digit of 1012390591?
1
What is the millions digit of 1585857497?
5
What is the hundreds digit of 6885519278?
2
What is the units digit of 519718699?
9
What is the hundred thousands digit of 450449900?
4
What is the ten thousands digit of 15577006?
7
What is the tens digit of 18064699?
9
What is the millions digit of 5212913?
5
What is the units digit of 37172349?
9
What is the millions digit of 878489454?
8
What is the hundred thousands digit of 7887524?
8
What is the hundred millions digit of 616543744?
6
What is the thousands digit of 1852818843?
8
What is the ten millions digit of 4252495307?
5
What is the hundred thousands digit of 25082031?
0
What is the thousands digit of 25770174?
0
What is the units digit of 2026256310?
0
What is the units digit of 43577331?
1
What is the ten millions digit of 57367999?
5
What is the thousands digit of 88224442?
4
What is the millions digit of 115069714?
5
What is the units digit of 26857478?
8
What is the tens digit of 92874167?
6
What is the hundred millions digit of 1691525836?
6
What is the hundreds digit of 51809920?
9
What is the hundreds digit of 290838408?
4
What is the ten thousands digit of 395857455?
5
What is the hundred millions digit of 192563346?
1
What is the ten millions digit of 544838054?
4
What is the millions digit of 4288879086?
8
What is the hundreds digit of 619791014?
0
What is the hundred thousands digit of 28680316?
6
What is the ten millions digit of 18486413?
1
What is the millions digit of 1862688152?
2
What is the tens digit of 83062156?
5
What is the thousands digit of 452575992?
5
What is the hundred thousands digit of 975389452?
3
What is the hundred thousands digit of 382190237?
1
What is the millions digit of 226026719?
6
What is the millions digit of 45795153?
5
What is the thousands digit of 100792462?
2
What is the ten millions digit of 598987618?
9
What is the hundred thousands digit of 37154204?
1
What is the units digit of 2693573739?
9
What is the hundred millions digit of 4464636362?
4
What is the hundreds digit of 9138880169?
1
What is the thousands digit of 812023957?
3
What is the hundred millions digit of 401972600?
4
What is the ten thousands digit of 4221834615?
3
What is the ten millions digit of 24437618?
2
What is the hundred millions digit of 2050919040?
0
What is the billions digit of 2647002441?
2
What is the tens digit of 5173300506?
0
What is the thousands digit of 361847477?
7
What is the hundred millions digit of 207034937?
2
What is the hundred thousands digit of 3394755882?
7
What is the thousands digit of 357750971?
0
What is the hundreds digit of 78142910?
9
What is the tens digit of 51450841?
4
What is the ten thousands digit of 63430739?
3
What is the ten millions digit of 1638480233?
3
What is the billions digit of 2835685469?
2
What is the ten thousands digit of 706278922?
7
What is the ten thousands digit of 54903861?
0
What is the ten thousands digit of 98411127?
1
What is the ten thousands digit of 10208838?
0
What is the hundred thousands digit of 1706315015?
3
What is the hundred thousands digit of 50458635?
4
What is the ten millions digit of 54085608?
5
What is the ten millions digit of 80470915?
8
What is the millions digit of 225295713?
5
What is the hundred thousands digit of 58753095?
7
What is the hundred thousands digit of 170071469?
0
What is the ten thousands digit of 287917088?
1
What is the hundred millions digit of 1259367312?
2
What is the tens digit of 111695349?
4
What is the hundred millions digit of 189807877?
1
What is the hundred thousands digit of 125973021?
9
What is the millions digit of 68973546?
8
What is the hundred thousands digit of 81367948?
3
What is the thousands digit of 25529172?
9
What is the hundreds digit of 137047151?
1
What is the millions digit of 1308145241?
8
What is the hundreds digit 